- -371. Suppose 0 = 6*a + l - 1046. What is the hundreds digit of a?
1
Let f = -7 + 9. Suppose -b = -0*b - f. What is the tens digit of (-2)/(b/33*-3)?
1
Let p = 2 + -9. Let f(i) = -i**2 - 8*i - 6. Let g be f(p). Suppose g = 4*b - 11. What is the units digit of b?
3
Suppose -5*a = -s - 5, -7*s = -2*s + 25. Suppose -h + a*h = 4. What is the units digit of 8 + (h - (-3 - -3))?
4
What is the tens digit of (3 - (4 + -1)) + 780?
8
Let m = 51 + 274. What is the tens digit of m?
2
Suppose 3*n = -6, 0 = 5*s - 7*n + 9*n - 18611. What is the tens digit of s?
2
Let u(t) = 2*t**3 - 11*t**2 + 10*t - 1. What is the units digit of u(8)?
9
Let y be -2 + (-12)/((-3)/3). Let o be 1/(-3)*-3 - y. Let t = o - -15. What is the units digit of t?
6
What is the thousands digit of ((-1236)/(-515))/(6/12400)?
4
Suppose -7*j - 2*j - 5004 = 0. What is the tens digit of 6/((-24)/j) + 1*-1?
3
Suppose 3*j - 821 = 331. What is the tens digit of j?
8
Let u(g) = g**3 - 21*g**2 + 20*g. What is the units digit of u(21)?
0
What is the tens digit of (72/90)/(2/875)?
5
Suppose -2*f - 4*n = -321 - 3957, 3*n = 0. What is the tens digit of f?
3
Let u = -37 + 44. Suppose -u*m + 364 = -0*m. What is the tens digit of m?
5
Let b be 2/(-2 + (-27)/(-12)). Suppose x + 0*p - 2 = -p, x + 4*p - b = 0. Suppose x = 4*d - d, 4*d + 18 = w. What is the tens digit of w?
1
Let i = -19 - -16. What is the tens digit of -60*((-2)/i)/(-2)?
2
Let p be -14*((-36)/120 + 1/(-5)). Let b(x) = x**2 + 2*x - 37. What is the tens digit of b(p)?
2
Suppose c + 38 = -p + 127, -2*c = p - 87. What is the tens digit of p?
9
Let c(z) = -5*z - 16. Let p be c(-5). Let b = -20 - -47. Suppose -p*m = -6*m - b. What is the units digit of m?
9
Suppose 5 + 14 = 4*d + x, -3*d + 5*x = 3. What is the tens digit of ((-10)/(-5))/(d/42)?
2
Let n(i) be the first derivative of -5*i**2/2 - 7*i + 1. Suppose -2*f - 5*p = -7*p + 20, -4*f - 35 = p. What is the units digit of n(f)?
8
Let b(f) = 0 + 4 + 4*f + 1 + 2*f**2. What is the tens digit of b(-6)?
5
Suppose 3*z - 17*z + 28 = 0. What is the units digit of z?
2
Let w = 640 + 339. What is the hundreds digit of w?
9
Let b(n) be the first derivative of n**4/4 + 13*n**3/3 + 9*n**2 - 10*n + 55. What is the units digit of b(-10)?
0
Suppose r - 5*n = 2*r - 34, 0 = -2*r + n + 57. Let i = r + 33. What is the units digit of i?
2
Suppose -2*z = -3*m - 6*z - 27, 2*z = -6. Let c(l) = -l**3 - 2*l**2 + 3*l - 5. What is the units digit of c(m)?
5
Let y = -2 - -2. Let n(p) = -6*p + 0*p**2 + 38 + p**2 + 8*p - 2*p - p. What is the units digit of n(y)?
8
Let c be 0 - -2 - (3 - 1). Let n be 2 + ((-9)/(-3) - c). Suppose -74 = -3*x + k, -n*x - k + 118 = -0*k. What is the tens digit of x?
2
Suppose 2*g - 2027 = r, -8*g - r - 3043 = -11*g. What is the units digit of g?
6
What is the units digit of 544 - ((5 - -1) + 1)?
7
Let b be (-4 - -5) + 3/1. Suppose 2*f = -b*f. Suppose -3*l = -3*w - w + 73, f = 4*w + l - 61. What is the units digit of w?
6
Let r be (924 - (5 + -10)) + 1. Suppose x - 4*q = 209, -r = -5*x - 0*q - 3*q. What is the hundreds digit of x?
1
Suppose 6 = 2*s, -4*c - 3*s = -2*s - 11. Suppose -c*x - 20 = -7*x. What is the units digit of x?
4
Suppose -56*g + 2781 = -53*g. What is the tens digit of g?
2
What is the tens digit of (245 - (1 + -1))/(85/425)?
2
Let q(u) = -2*u**2 - 8*u + 9. Let g be q(-5). What is the tens digit of g/2 - (-212)/8?
2
Let b = -123 - -362. Suppose 0*m + h = -4*m + 233, 4*m - h = b. What is the tens digit of m?
5
Suppose 0 = -5*f + 4*o + 28, -f - 6 = -4*f - 3*o. Suppose -5*c + w = -2*w - 858, f*c = 4*w + 688. What is the tens digit of c?
7
Suppose 1207 = 3*o + w, 2*o = -3*o - 4*w + 2000. What is the units digit of o?
4
Let s(w) = -2*w**2 + 9 - 10*w - 2*w**2 - w**3 + 0*w**2 + 13*w**2. What is the tens digit of s(6)?
5
Let p(l) = -7*l - 1. Let a be p(1). Let q = -3 - a. Suppose 2*h - 4*h = -m - 60, q*m = 10. What is the tens digit of h?
3
Suppose 6 = 6*u - 4*u. Let w = 42 - u. Suppose 3*q + w = o, 0 = 3*o - 3*q - 111 + 24. What is the units digit of o?
4
Suppose 4*s = 4*f - 12, 3 = -f + 5*s - s. Suppose 2*h = 3*u + 7*h - 100, f*h = -20. Let t = 65 - u. What is the units digit of t?
5
Let t(h) = 2*h**3 - 5*h**2 + 3*h - 2. Let y(g) = 2*g + 10. Let k be y(-3). What is the tens digit of t(k)?
5
Suppose -11*k + 15*k = 132. What is the units digit of k?
3
Let l(o) = 2*o**3 - 19*o**2 - 21*o + 16. Let m(j) = j**3 - 10*j**2 - 10*j + 8. Let y(s) = 6*l(s) - 13*m(s). What is the units digit of y(16)?
6
Suppose 4*f + 3*k = 35, 52 = -2*f + 7*f + k. Let j = -15 + f. What is the tens digit of j/(-22) + 2100/66?
3
Suppose 0 = 6*t - 45 + 21. Suppose 6*k - t*k = 8. What is the units digit of k?
4
Suppose -4*g - 2*m + 10274 = 0, -5*m = 2*g + 2195 - 7352. What is the units digit of g?
6
Suppose 0 = d - 8*d + 616. Let k = -52 + d. What is the units digit of k?
6
Let l(c) = 320*c + 224. What is the thousands digit of l(10)?
3
Let q = 523 - -2564. What is the thousands digit of q?
3
Let f = 8885 + -5927. What is the tens digit of f?
5
Suppose -2*b = -4 - 0. Let g(j) = 2*j + 24. Let t be g(-11). Suppose -2*w - n + 5*n = -22, -t*w + b*n = -14. What is the units digit of w?
3
Let v(l) = 15 + 5*l - 4*l + 3*l**2 + l**2 - 3*l**2. What is the units digit of v(-7)?
7
What is the units digit of 4 + 6/(-6) + 423?
6
Let g be 4/3*(-108)/24. Let o = g - -10. What is the tens digit of (o - -1)*(1 - -8)?
4
Let m = -24 - -41. Suppose -2*b - 1 - m = 0. Let x = -8 - b. What is the units digit of x?
1
Let h(f) = f**2 - 23*f + 73. What is the hundreds digit of h(29)?
2
Suppose 24 = 2*a - 14*a. Let m(p) = -23*p - 14. What is the tens digit of m(a)?
3
Let d(q) = -q + 3. Let m be d(-5). Suppose -3*x + 4 = -m. Let l(p) = 2*p + 2. What is the tens digit of l(x)?
1
Suppose 0 = -7*y + 8*y - 4. Suppose -y*b + 678 = 2*b. What is the tens digit of b?
1
Let v(p) = 45*p**2 + 18*p - 36. What is the thousands digit of v(7)?
2
Suppose -193 = -18*g + 599. What is the units digit of g?
4
Suppose 13*m = -11749 + 64035. What is the thousands digit of m?
4
Let n(k) = -2*k**3 - 25*k**2 - 21*k + 4. What is the tens digit of n(-13)?
4
Suppose -k + 1165 = -4*v, 5*k + 2340 = 7*k - 3*v. What is the tens digit of k?
7
Suppose -4*w + 162 = 34. Let k = w + -25. Suppose k*g = 3*g + 224. What is the units digit of g?
6
Let b = 364 - 232. What is the units digit of b?
2
Let v(s) = 28*s - 3. Let r be v(7). Suppose -r = -3*m - 61. What is the units digit of m?
4
Let t = 40 + -37. Suppose 0*s + 4*q = -3*s + 21, 0 = -5*s - 5*q + 30. Suppose -t*h = 5*l - 102, s*h + 0*h = 3*l - 66. What is the tens digit of l?
2
Suppose 8798 = 15*r + 1913. What is the tens digit of r?
5
Let w(k) = -17*k**3 + 33*k**2 - 11*k + 176. Let u(c) = 4*c**3 - 8*c**2 + 3*c - 44. Let z(f) = 9*u(f) + 2*w(f). What is the units digit of z(6)?
2
Let l(u) be the second derivative of -5*u**4/12 - u**3/2 - u**2/2 + 4*u. Let h be l(-4). Let z = h - -119. What is the tens digit of z?
5
Suppose 2*r + 40 - 436 = 0. Let s = 390 - r. What is the tens digit of s?
9
Suppose 0 = 6*j - 0*j - 228. Suppose -6*p - j + 560 = 0. What is the units digit of p?
7
Suppose -283 = -4*v + 473. What is the hundreds digit of v?
1
Suppose 72 + 56 = -8*b. Let w(l) = l**2 + 10*l - 28. What is the units digit of w(b)?
8
Suppose -31*x = 4*x - 23835. What is the hundreds digit of x?
6
Suppose -4*g + 4*n = -4152, 9*g + 5*n = 5*g + 4143. What is the thousands digit of g?
1
Let d(m) = -m**3 + 7*m**2 + m - 5. Let o be d(7). Suppose 0 = o*f - 10 - 46. Suppose -3*l = -2*l - f. What is the tens digit of l?
2
Let p(d) = -161*d - 65. What is the units digit of p(-15)?
0
Let i = -808 + 1335. Suppose 13*a = 1489 - i. What is the units digit of a?
4
Suppose 2*f - 4 = -5*g - 6, 0 = f + 5*g + 6. Suppose 3*y = -i + 35, -132 = -5*i + f*y - 14. What is the tens digit of i?
2
Let w(c) = -5*c**2 + 4*c + 1. Let h be w(8). Let v = -481 - h. What is the units digit of v/(-10) + (-45)/(-75)?
0
Let l(i) = i**3 - 8*i**2 + 2*i - 16. Let n be l(8). Suppose 3*h + 4*v = 8*h - 99, n = -2*h + 2*v + 38. Let b = h + 30. What is the units digit of b?
3
Let m(t) = -3*t**3 + t - 5. Suppose -2*h - 4*g - 8 = 6, 0 = 2*h - 3*g. What is the tens digit of m(h)?
7
Suppose 27756 = 15*r - 8859. What is the thousands digit of r?
2
Let i = -2 + 2. Suppose i*b + b = 2, q